Suppose -2*t - 114 = -8*t. Suppose -14 = x - t. Let a(c) = c**3 + 5*c**2 + 5*c + 5. Let z be a(-4). What is the highest common divisor of x and z?
1
Suppose -r = -2*r - 2*r. Let j be ((-1 - r)*1)/(12/(-60)). Let c be j - (-3 + (-3)/9*-3). Calculate the highest common divisor of c and 14.
7
Suppose -4*d + 13815 = 2441*f - 2436*f, -f = -3*d + 10347. What is the greatest common divisor of 483 and d?
69
Suppose 0 = 2*v - 5*v + 168. Suppose 16*g - 213 - 267 = 0. Suppose g*c = 21*c + 63. Calculate the greatest common divisor of v and c.
7
Let c be -3 + 75/(-6)*12. Let t = c + 181. Calculate the greatest common factor of 21 and t.
7
Let g be 600 - (-1 - (-12)/4). Let o(p) = 2*p**3 + 32*p**2 + 73*p + 290. Let q be o(-14). What is the highest common divisor of q and g?
26
Let z = -4936 - -4966. What is the greatest common factor of z and 40?
10
Let d be 15 - (2 + 2 - 0) - 4. Suppose f = 3*j + 2*j - 13, f - d = j. Calculate the highest common factor of f and 8.
4
Suppose -41*d + 4*d = -0*d. Suppose -28 = -f - 2*w - 0, d = -f - 5*w + 37. What is the greatest common divisor of f and 6?
2
Suppose 189 = 5*v + 4*v. Let y be (-16)/6*(-27 + v). What is the greatest common divisor of y and 16?
16
Let a be (-4)/(-10) + (-86)/(-10). Let c = -124 + 139. Suppose -1157 = -c*h - 77. What is the greatest common factor of h and a?
9
Let o = -38 - -40. Let m be (303/(-6) + o)*-2. Let a = m + -57. Calculate the highest common divisor of 5 and a.
5
Let p = -44 - -29. Let i be p*8/(-2)*52/156. Let d(m) = -m**3 - 2*m**2 - 4*m + 5. Let o be d(-5). Calculate the highest common factor of o and i.
20
Let k(w) = -w**2 + 5*w - 3. Let h be k(3). Let u(s) = -7*s + s + h*s + 2*s - 4. Let j be u(-8). What is the greatest common divisor of j and 44?
4
Suppose 58545 = -4*p + p + 18*p. What is the highest common factor of 3 and p?
3
Let v(i) = -476*i + 3649. Let u be v(5). What is the greatest common factor of 611 and u?
47
Let t(d) = 4*d**2 + 8*d. Let v be t(-3). Suppose g + 3*b - 10 = 0, 0 = -2*g + 4*b - v + 42. Calculate the highest common divisor of g and 481.
13
Let t be 11*40/88*10. Calculate the greatest common factor of t and 6550.
50
Let w be (-59)/(-4) - (-18)/72. Let q be (-16)/40 + -2*(-18)/w. Let x be (-3)/(15/q)*3640/(-91). What is the highest common factor of 28 and x?
4
Suppose -v + 80*a = 84*a - 224, -5*v = 2*a - 1102. Suppose -5*i = v - 760. What is the highest common factor of i and 48?
12
Suppose 294 = -5*n + 16*q - 14*q, -n + 4*q - 66 = 0. Let t = -42 - n. Calculate the highest common factor of t and 288.
16
Let q(n) = 39*n**2 + 288*n - 2. Let f be q(-8). Calculate the highest common divisor of f and 100.
10
Let s = 1639 + -1625. Let i(b) = 8*b**3 - 2*b + 3. Let h be i(2). Suppose 0 = -2*x - x + h. What is the greatest common divisor of x and s?
7
Let o = 56 - 55. Let r be o/4 - 1430/(-40). Suppose -3*j + 5*t - 8 = 0, 5*t = j - 0*t + 16. What is the greatest common divisor of j and r?
4
Let o be ((-2)/3)/(((-348)/(-144))/(-29)). Suppose -o*y + 3*y + 8 = s, 3*s - 40 = y. What is the highest common factor of 130 and s?
13
Let w be 1/(((-9)/(-759))/3). Suppose 32*r = -23 + 759. Calculate the highest common divisor of r and w.
23
Let m(k) = 3*k**3 - 7*k**2 + 3. Let o be 3/9*-3 - -4. Let i be m(o). Calculate the highest common divisor of i and 175.
7
Let g = 1545 - 1542. Suppose -64*v + 67*v = -f, -2*f + 18 = -g*v. Let a be (-47)/(-3) + (-4)/6. Calculate the greatest common divisor of f and a.
3
Let q = 347 + -340. Let x be 4 + 60 + 5 + q. What is the highest common factor of x and 532?
76
Let c(z) = -5*z**2 - 27*z + 260. Let j be c(-8). What is the greatest common factor of j and 6006?
78
Let i = 323 + -142. Suppose 2*x + 5*j - i = -2*x, 2*j - 2 = 0. What is the greatest common divisor of 8 and x?
4
Suppose -3*b = -10*b - 20*b + 2835. Calculate the greatest common factor of 210 and b.
105
Let w = 40 - 31. Let x be (-180)/108*(0 - w). Calculate the highest common divisor of x and 615.
15
Let j(u) = -2927 + 3*u + 2943 - 4*u. Let z be j(10). Calculate the greatest common divisor of 282 and z.
6
Suppose -4*p = -4, 161 - 50 = 2*n + p. Let j = -1 + 7. Let z be ((-22)/j)/(-1*3/9). Calculate the highest common divisor of n and z.
11
Suppose i + t = -0*t + 292, -3*i - t + 868 = 0. Suppose 249*g - 585 = 236*g. Calculate the highest common divisor of g and i.
9
Let z(c) = -c**3 + c - 1. Let o(w) = 6*w**3 - 2*w**2 + 2*w - 4. Let d(f) = o(f) - 5*z(f). Let k be d(2). Calculate the greatest common factor of k and 600.
75
Let o be 2/41 + (-10580231)/(-2173). What is the greatest common factor of 9 and o?
9
Let l(t) = 44*t**2 - 16*t + 3. Let q be l(-6). What is the highest common divisor of q and 22?
11
Let d be (-64)/((-16)/5280*5). Calculate the highest common factor of d and 16.
16
Suppose 0 = -5*v + 190 - 110. Calculate the highest common divisor of 248 and v.
8
Suppose 5*r - 629 = -x, -2*r - 3*x + 103 + 146 = 0. What is the greatest common divisor of r and 546?
42
Let k(v) = 7*v - 19. Let i be k(2). Let q be 3/(-2 - i)*17. Calculate the greatest common divisor of 170 and q.
17
Let s = -9 - -50. Suppose 5*p - 186 = 4*h, 2*p - 4*h - 26 = 46. Let m = s - p. What is the highest common factor of 21 and m?
3
Let v be -39 - -1798 - 4/(-16)*-1*-4. Calculate the highest common divisor of v and 8.
8
Suppose 0 = -47*h + 46*h + 7. Suppose 480 + 220 = h*t. What is the highest common divisor of 40 and t?
20
Let a = -561 - -1457. Let k = -581 + a. What is the highest common factor of k and 35?
35
Let f = -1007 + 1537. Calculate the highest common factor of 50 and f.
10
Suppose 2*j - 12*o = -j + 3162, -2*o = 4*j - 4270. What is the greatest common factor of 123 and j?
41
Suppose l - 148 = -24*l + 2. Let q = 153 - 105. Calculate the highest common factor of l and q.
6
Suppose 2*w - 7*w = 3*l - 159, l - w - 45 = 0. Suppose 2*g = 5*g - l. Let y = 25 + 103. Calculate the highest common factor of g and y.
16
Suppose -1 = -8*w + 15. Let y be (w/(-10))/(-1) - (-6086)/170. Calculate the highest common factor of y and 12.
12
Let m = -22 + 15. Let g(v) = -3*v - 35. Let o be g(-16). Let u = o - m. What is the greatest common factor of 160 and u?
20
Suppose -z = -1065 - 1565. What is the greatest common factor of 20 and z?
10
Let q = 6562 - 6553. What is the highest common divisor of q and 123?
3
Suppose -3*m = 9*m - 144. Suppose 0 = -8*k + 7*k + 4*i + 1, 4*k - 38 = -i. Calculate the greatest common divisor of m and k.
3
Let d(z) = -32*z**3 + 2*z - 2*z**2 + 5 + 33*z**3 - 21. Let x be d(4). Calculate the greatest common factor of x and 192.
24
Let p(v) = -111*v - 903. Let d be p(-9). What is the greatest common factor of 152 and d?
8
Suppose -330*o - 2679 = -349*o. Calculate the highest common divisor of 5311 and o.
47
Let k(b) = -5*b**2 - 21*b. Let z be k(-4). Suppose -4*j = -4*o + 17 + 11, -z*j - 16 = 0. Calculate the greatest common divisor of o and 87.
3
Let i(h) be the first derivative of -2*h**3/3 + 19*h**2/2 + 13*h - 55. Let o be i(9). Calculate the highest common divisor of o and 14.
2
Suppose -2*c + 40 + 11 + 107 = 0. What is the greatest common divisor of c and 10349?
79
Suppose 3*t - 12 = -0. Suppose -317 = m - 2*p - 401, -3*m - p = -224. What is the greatest common factor of t and m?
4
Let k(l) = l**2 - 16*l - 67. Let t(h) = 2*h + 17. Let a be t(-14). Let o be k(a). Calculate the greatest common divisor of o and 40.
10
Suppose -25 = -i - 10. Suppose -12397 = -25*m - 678 + 2156. What is the greatest common factor of i and m?
15
Suppose -5 = -w, 4*l + 1 = 2*w + 431. Let g be (2/(-2) + 1)*-1. Suppose g = r - 8 - 14. What is the highest common factor of l and r?
22
Let p = 1243 - 671. Calculate the highest common factor of 176 and p.
44
Let m be (-49)/(-5) + (-2)/(-10). Let q = -53 + 43. Let l(d) = -4*d - 35. Let z be l(q). What is the highest common factor of z and m?
5
Suppose -8*s + 20954 = -32246. What is the greatest common divisor of 76 and s?
38
Let o(d) = d**2 - 8*d + 2. Let w be o(9). Let y(a) = -2*a**3 - 31*a**2 - a + 135. Let p be y(-16). Calculate the greatest common factor of w and p.
11
Let n = 63 + -10. Let t = -37 + n. Let h = 23 - t. Calculate the highest common factor of 63 and h.
7
Let q(d) = -6*d + 31. Let p be q(4). Let t(w) = 5*w**2 - 9*w + 8. Let k be t(p). What is the great